{"id":2574,"date":"2024-11-21T15:54:53","date_gmt":"2024-11-21T15:54:53","guid":{"rendered":"https:\/\/acpacgom.upv.edu.es\/?page_id=2574"},"modified":"2024-12-15T00:06:55","modified_gmt":"2024-12-15T00:06:55","slug":"about","status":"publish","type":"page","link":"https:\/\/acpacgom.upv.edu.es\/?page_id=2574","title":{"rendered":"About"},"content":{"rendered":"\t\t<div data-elementor-type=\"wp-page\" data-elementor-id=\"2574\" class=\"elementor elementor-2574\">\n\t\t\t\t<div class=\"elementor-element elementor-element-dcfb448 e-flex e-con-boxed e-con e-parent\" data-id=\"dcfb448\" data-element_type=\"container\" data-e-type=\"container\" data-settings=\"{&quot;background_background&quot;:&quot;classic&quot;}\">\n\t\t\t\t\t<div class=\"e-con-inner\">\n\t\t<div class=\"elementor-element elementor-element-d21b7e0 e-flex e-con-boxed e-con e-child\" data-id=\"d21b7e0\" data-element_type=\"container\" data-e-type=\"container\">\n\t\t\t\t\t<div class=\"e-con-inner\">\n\t\t\t\t<div class=\"elementor-element elementor-element-e9fd9dc elementor-widget elementor-widget-heading\" data-id=\"e9fd9dc\" data-element_type=\"widget\" data-e-type=\"widget\" data-widget_type=\"heading.default\">\n\t\t\t\t<div class=\"elementor-widget-container\">\n\t\t\t\t\t<h4 class=\"elementor-heading-title elementor-size-default\">Sobre Nosotros<\/h4>\t\t\t\t<\/div>\n\t\t\t\t<\/div>\n\t\t\t\t\t<\/div>\n\t\t\t\t<\/div>\n\t\t\t\t\t<\/div>\n\t\t\t\t<\/div>\n\t\t<div class=\"elementor-element elementor-element-500861b e-flex e-con-boxed e-con e-parent\" data-id=\"500861b\" data-element_type=\"container\" data-e-type=\"container\">\n\t\t\t\t\t<div class=\"e-con-inner\">\n\t\t<div class=\"elementor-element elementor-element-7dbc6fb e-con-full e-flex e-con e-child\" data-id=\"7dbc6fb\" data-element_type=\"container\" data-e-type=\"container\">\n\t\t\t\t<div class=\"elementor-element elementor-element-6658dc9 elementor-widget elementor-widget-heading\" data-id=\"6658dc9\" data-element_type=\"widget\" data-e-type=\"widget\" data-widget_type=\"heading.default\">\n\t\t\t\t<div class=\"elementor-widget-container\">\n\t\t\t\t\t<h2 class=\"elementor-heading-title elementor-size-default\"><a href=\"https:\/\/acpacgom.upv.edu.es\/?page_id=2575\" target=\"_blank\">En Espa\u00f1a, compartimos nuestro hogar con una biodiversidad \u00fanica que est\u00e1 en peligro de desaparecer. Por eso, hemos creado este espacio dedicado a las 12 especies m\u00e1s amenazadas de nuestro pa\u00eds. Somos un equipo comprometido con la preservaci\u00f3n de la naturaleza, profundamente preocupado por el impacto de la actividad humana en estos animales emblem\u00e1ticos y en sus h\u00e1bitats.<\/a><\/h2>\t\t\t\t<\/div>\n\t\t\t\t<\/div>\n\t\t\t\t<div class=\"elementor-element elementor-element-2a349a7 elementor-widget elementor-widget-heading\" data-id=\"2a349a7\" data-element_type=\"widget\" data-e-type=\"widget\" data-widget_type=\"heading.default\">\n\t\t\t\t<div class=\"elementor-widget-container\">\n\t\t\t\t\t<h1 class=\"elementor-heading-title elementor-size-default\">\u00danete a nosotros en este viaje para proteger y valorar lo que est\u00e1 en juego. <br><br><span style=\"color: var( --e-global-color-astglobalcolor5 );letter-spacing: -0.6px\">\u00a1Cada esfuerzo cuenta!<\/span><\/h1>\t\t\t\t<\/div>\n\t\t\t\t<\/div>\n\t\t<div class=\"elementor-element elementor-element-51b695b e-con-full e-flex e-con e-child\" data-id=\"51b695b\" data-element_type=\"container\" data-e-type=\"container\">\n\t\t<div class=\"elementor-element elementor-element-bda37a0 e-con-full e-flex e-con e-child\" data-id=\"bda37a0\" data-element_type=\"container\" data-e-type=\"container\">\n\t\t\t\t<div class=\"elementor-element elementor-element-6d20ef0 elementor-widget elementor-widget-heading\" data-id=\"6d20ef0\" data-element_type=\"widget\" data-e-type=\"widget\" data-widget_type=\"heading.default\">\n\t\t\t\t<div class=\"elementor-widget-container\">\n\t\t\t\t\t<h4 class=\"elementor-heading-title elementor-size-default\">Nuestra Misi\u00f3n<\/h4>\t\t\t\t<\/div>\n\t\t\t\t<\/div>\n\t\t\t\t<div class=\"elementor-element elementor-element-91bab08 elementor-widget elementor-widget-text-editor\" data-id=\"91bab08\" data-element_type=\"widget\" data-e-type=\"widget\" data-widget_type=\"text-editor.default\">\n\t\t\t\t<div class=\"elementor-widget-container\">\n\t\t\t\t\t\t\t\t\t<p>Informar, sensibilizar y movilizar a la sociedad en la protecci\u00f3n de las especies en peligro de extinci\u00f3n en Espa\u00f1a, destacando su valor ecol\u00f3gico, cultural y su papel en el equilibrio natural.<\/p>\t\t\t\t\t\t\t\t<\/div>\n\t\t\t\t<\/div>\n\t\t\t\t<\/div>\n\t\t<div class=\"elementor-element elementor-element-8c3d36e e-con-full e-flex e-con e-child\" data-id=\"8c3d36e\" data-element_type=\"container\" data-e-type=\"container\">\n\t\t\t\t<div class=\"elementor-element elementor-element-2061947 elementor-widget elementor-widget-heading\" data-id=\"2061947\" data-element_type=\"widget\" data-e-type=\"widget\" data-widget_type=\"heading.default\">\n\t\t\t\t<div class=\"elementor-widget-container\">\n\t\t\t\t\t<h4 class=\"elementor-heading-title elementor-size-default\">Nuestros Valores<\/h4>\t\t\t\t<\/div>\n\t\t\t\t<\/div>\n\t\t\t\t<div class=\"elementor-element elementor-element-d19c62f elementor-widget elementor-widget-text-editor\" data-id=\"d19c62f\" data-element_type=\"widget\" data-e-type=\"widget\" data-widget_type=\"text-editor.default\">\n\t\t\t\t<div class=\"elementor-widget-container\">\n\t\t\t\t\t\t\t\t\t<p>Promovemos el respeto por la vida, el compromiso con la biodiversidad y la educaci\u00f3n como herramientas clave para proteger nuestras especies en peligro, fomentando la acci\u00f3n colectiva y la coexistencia armoniosa con la naturaleza.<\/p>\t\t\t\t\t\t\t\t<\/div>\n\t\t\t\t<\/div>\n\t\t\t\t<\/div>\n\t\t\t\t<\/div>\n\t\t\t\t<\/div>\n\t\t\t\t\t<\/div>\n\t\t\t\t<\/div>\n\t\t<div class=\"elementor-element elementor-element-ba46aa4 e-flex e-con-boxed e-con e-parent\" data-id=\"ba46aa4\" data-element_type=\"container\" data-e-type=\"container\" data-settings=\"{&quot;background_background&quot;:&quot;classic&quot;}\">\n\t\t\t\t\t<div class=\"e-con-inner\">\n\t\t<div class=\"elementor-element elementor-element-920e714 e-con-full e-flex e-con e-child\" data-id=\"920e714\" data-element_type=\"container\" data-e-type=\"container\">\n\t\t\t\t<div class=\"elementor-element elementor-element-81dcb70 elementor-widget elementor-widget-image\" data-id=\"81dcb70\" data-element_type=\"widget\" data-e-type=\"widget\" data-widget_type=\"image.default\">\n\t\t\t\t<div class=\"elementor-widget-container\">\n\t\t\t\t\t\t\t\t\t\t\t\t\t\t\t<img fetchpriority=\"high\" decoding=\"async\" width=\"1101\" height=\"1011\" src=\"https:\/\/acpacgom.upv.edu.es\/wp-content\/uploads\/2024\/12\/WhatsApp-Image-2024-11-27-at-22.44.18.jpeg\" class=\"attachment-full size-full wp-image-2969\" alt=\"Andrea Pach\u00f3n Gomez\" srcset=\"https:\/\/acpacgom.upv.edu.es\/wp-content\/uploads\/2024\/12\/WhatsApp-Image-2024-11-27-at-22.44.18.jpeg 1101w, https:\/\/acpacgom.upv.edu.es\/wp-content\/uploads\/2024\/12\/WhatsApp-Image-2024-11-27-at-22.44.18-300x275.jpeg 300w, https:\/\/acpacgom.upv.edu.es\/wp-content\/uploads\/2024\/12\/WhatsApp-Image-2024-11-27-at-22.44.18-1024x940.jpeg 1024w, https:\/\/acpacgom.upv.edu.es\/wp-content\/uploads\/2024\/12\/WhatsApp-Image-2024-11-27-at-22.44.18-768x705.jpeg 768w\" sizes=\"(max-width: 1101px) 100vw, 1101px\" \/>\t\t\t\t\t\t\t\t\t\t\t\t\t\t\t<\/div>\n\t\t\t\t<\/div>\n\t\t\t\t<div class=\"elementor-element elementor-element-22282c1 elementor-widget elementor-widget-image\" data-id=\"22282c1\" data-element_type=\"widget\" data-e-type=\"widget\" data-widget_type=\"image.default\">\n\t\t\t\t<div class=\"elementor-widget-container\">\n\t\t\t\t\t\t\t\t\t\t\t\t\t\t\t<img decoding=\"async\" width=\"255\" height=\"264\" src=\"https:\/\/acpacgom.upv.edu.es\/wp-content\/uploads\/2024\/12\/Engely1.png\" class=\"attachment-full size-full wp-image-2973\" alt=\"\" \/>\t\t\t\t\t\t\t\t\t\t\t\t\t\t\t<\/div>\n\t\t\t\t<\/div>\n\t\t\t\t<div class=\"elementor-element elementor-element-fb0e2ce elementor-widget elementor-widget-image\" data-id=\"fb0e2ce\" data-element_type=\"widget\" data-e-type=\"widget\" data-widget_type=\"image.default\">\n\t\t\t\t<div class=\"elementor-widget-container\">\n\t\t\t\t\t\t\t\t\t\t\t\t\t\t\t<img decoding=\"async\" width=\"212\" height=\"264\" src=\"https:\/\/acpacgom.upv.edu.es\/wp-content\/uploads\/2024\/12\/1111111.png\" class=\"attachment-full size-full wp-image-2975\" alt=\"\" \/>\t\t\t\t\t\t\t\t\t\t\t\t\t\t\t<\/div>\n\t\t\t\t<\/div>\n\t\t\t\t<\/div>\n\t\t<div class=\"elementor-element elementor-element-94092f7 e-con-full e-flex e-con e-child\" data-id=\"94092f7\" data-element_type=\"container\" data-e-type=\"container\">\n\t\t\t\t<div class=\"elementor-element elementor-element-22c93f1 elementor-widget elementor-widget-text-editor\" data-id=\"22c93f1\" data-element_type=\"widget\" data-e-type=\"widget\" data-widget_type=\"text-editor.default\">\n\t\t\t\t<div class=\"elementor-widget-container\">\n\t\t\t\t\t\t\t\t\t<h5>\u00abCuidar a quienes no tienen voz es nuestra mayor responsabilidad como humanidad.\u00bb<\/h5><p><a href=\"http:\/\/www.linkedin.com\/in\/andrea-carolina-pach\u00f3n-g\u00f3mez\">Andrea Pach\u00f3n G\u00f3mez<\/a><\/p>\t\t\t\t\t\t\t\t<\/div>\n\t\t\t\t<\/div>\n\t\t\t\t<div class=\"elementor-element elementor-element-3ac141a elementor-widget elementor-widget-text-editor\" data-id=\"3ac141a\" data-element_type=\"widget\" data-e-type=\"widget\" data-widget_type=\"text-editor.default\">\n\t\t\t\t<div class=\"elementor-widget-container\">\n\t\t\t\t\t\t\t\t\t<h5>\u00abProteger a las especies en peligro es proteger el equilibrio y la belleza de nuestro planeta.\u00bb<\/h5><p><a href=\"https:\/\/www.linkedin.com\/in\/engelyfumasantana?miniProfileUrn=urn%3Ali%3Afs_miniProfile%3AACoAAD0HX4gB_sONhth_nWngM5SQuD-IGOcOuJ0&amp;lipi=urn%3Ali%3Apage%3Ad_flagship3_search_srp_all%3B%2F5%2Fvfe64Q4iUYSVp4yNA0Q%3D%3D\">Engely Fuma Santana<\/a><\/p>\t\t\t\t\t\t\t\t<\/div>\n\t\t\t\t<\/div>\n\t\t\t\t<div class=\"elementor-element elementor-element-d2972ff elementor-widget elementor-widget-text-editor\" data-id=\"d2972ff\" data-element_type=\"widget\" data-e-type=\"widget\" data-widget_type=\"text-editor.default\">\n\t\t\t\t<div class=\"elementor-widget-container\">\n\t\t\t\t\t\t\t\t\t<h5>\u00abLa extinci\u00f3n no es el final inevitable, es el resultado de nuestra indiferencia.\u00bb<\/h5><p><a href=\"https:\/\/www.linkedin.com\/in\/gabriela-velasquez-vidal?miniProfileUrn=urn%3Ali%3Afs_miniProfile%3AACoAADMoc0QBsJjpca86ypljOmw61Jc9l84TNfw&amp;lipi=urn%3Ali%3Apage%3Ad_flagship3_search_srp_all%3BXzRfHQTlTe%2BSV6A6dAUQWw%3D%3D\">Gabriela Velasquez Vidal<\/a><\/p>\t\t\t\t\t\t\t\t<\/div>\n\t\t\t\t<\/div>\n\t\t\t\t<\/div>\n\t\t\t\t\t<\/div>\n\t\t\t\t<\/div>\n\t\t\t\t<\/div>\n\t\t","protected":false},"excerpt":{"rendered":"<p>Sobre Nosotros En Espa\u00f1a, compartimos nuestro hogar con una biodiversidad \u00fanica que est\u00e1 en peligro de desaparecer. Por eso, hemos creado este espacio dedicado a las 12 especies m\u00e1s amenazadas de nuestro pa\u00eds. Somos un equipo comprometido con la preservaci\u00f3n de la naturaleza, profundamente preocupado por el impacto de la actividad humana en estos animales [&hellip;]<\/p>\n","protected":false},"author":4,"featured_media":0,"parent":0,"menu_order":0,"comment_status":"closed","ping_status":"closed","template":"","meta":{"_uag_custom_page_level_css":"","site-sidebar-layout":"no-sidebar","site-content-layout":"page-builder","ast-site-content-layout":"full-width-container","site-content-style":"unboxed","site-sidebar-style":"unboxed","ast-global-header-display":"","ast-banner-title-visibility":"","ast-main-header-display":"","ast-hfb-above-header-display":"","ast-hfb-below-header-display":"","ast-hfb-mobile-header-display":"","site-post-title":"disabled","ast-breadcrumbs-content":"","ast-featured-img":"disabled","footer-sml-layout":"","ast-disable-related-posts":"","theme-transparent-header-meta":"enabled","adv-header-id-meta":"","stick-header-meta":"","header-above-stick-meta":"","header-main-stick-meta":"","header-below-stick-meta":"","astra-migrate-meta-layouts":"set","ast-page-background-enabled":"default","ast-page-background-meta":{"desktop":{"background-color":"var(--ast-global-color-4)","background-image":"","background-repeat":"repeat","background-position":"center center","background-size":"auto","background-attachment":"scroll","background-type":"","background-media":"","overlay-type":"","overlay-color":"","overlay-opacity":"","overlay-gradient":""},"tablet":{"background-color":"","background-image":"","background-repeat":"repeat","background-position":"center center","background-size":"auto","background-attachment":"scroll","background-type":"","background-media":"","overlay-type":"","overlay-color":"","overlay-opacity":"","overlay-gradient":""},"mobile":{"background-color":"","background-image":"","background-repeat":"repeat","background-position":"center center","background-size":"auto","background-attachment":"scroll","background-type":"","background-media":"","overlay-type":"","overlay-color":"","overlay-opacity":"","overlay-gradient":""}},"ast-content-background-meta":{"desktop":{"background-color":"var(--ast-global-color-5)","background-image":"","background-repeat":"repeat","background-position":"center center","background-size":"auto","background-attachment":"scroll","background-type":"","background-media":"","overlay-type":"","overlay-color":"","overlay-opacity":"","overlay-gradient":""},"tablet":{"background-color":"var(--ast-global-color-5)","background-image":"","background-repeat":"repeat","background-position":"center center","background-size":"auto","background-attachment":"scroll","background-type":"","background-media":"","overlay-type":"","overlay-color":"","overlay-opacity":"","overlay-gradient":""},"mobile":{"background-color":"var(--ast-global-color-5)","background-image":"","background-repeat":"repeat","background-position":"center center","background-size":"auto","background-attachment":"scroll","background-type":"","background-media":"","overlay-type":"","overlay-color":"","overlay-opacity":"","overlay-gradient":""}},"footnotes":""},"class_list":["post-2574","page","type-page","status-publish","hentry"],"yoast_head":"<!-- This site is optimized with the Yoast SEO plugin v27.5 - https:\/\/yoast.com\/product\/yoast-seo-wordpress\/ -->\n<title>About - Fauna en Riesgo - Portavoces que promueven el cambio<\/title>\n<meta name=\"description\" content=\"L\u00edderes voluntarios en el cuidado de fauna en Espa\u00f1a. Somos un equipo de voluntarios dedicado a proteger la fauna espa\u00f1ola en peligro cr\u00edtico. Promovemos la educaci\u00f3n ambiental, la conservaci\u00f3n y el voluntariado para enfrentar la p\u00e9rdida de h\u00e1bitats en el pa\u00eds. \u00danete a nuestra misi\u00f3n y s\u00e9 parte del cambio.\" \/>\n<meta name=\"robots\" content=\"index, follow, max-snippet:-1, max-image-preview:large, max-video-preview:-1\" \/>\n<link rel=\"canonical\" href=\"https:\/\/acpacgom.upv.edu.es\/?page_id=2574\" \/>\n<meta property=\"og:locale\" content=\"es_ES\" \/>\n<meta property=\"og:type\" content=\"article\" \/>\n<meta property=\"og:title\" content=\"About - Fauna en Riesgo - Portavoces que promueven el cambio\" \/>\n<meta property=\"og:description\" content=\"L\u00edderes voluntarios en el cuidado de fauna en Espa\u00f1a. Somos un equipo de voluntarios dedicado a proteger la fauna espa\u00f1ola en peligro cr\u00edtico. Promovemos la educaci\u00f3n ambiental, la conservaci\u00f3n y el voluntariado para enfrentar la p\u00e9rdida de h\u00e1bitats en el pa\u00eds. \u00danete a nuestra misi\u00f3n y s\u00e9 parte del cambio.\" \/>\n<meta property=\"og:url\" content=\"https:\/\/acpacgom.upv.edu.es\/?page_id=2574\" \/>\n<meta property=\"og:site_name\" content=\"Fauna en Riesgo\" \/>\n<meta property=\"article:modified_time\" content=\"2024-12-15T00:06:55+00:00\" \/>\n<meta property=\"og:image\" content=\"https:\/\/acpacgom.upv.edu.es\/wp-content\/uploads\/2024\/12\/WhatsApp-Image-2024-11-27-at-22.44.18.jpeg\" \/>\n<meta name=\"twitter:card\" content=\"summary_large_image\" \/>\n<meta name=\"twitter:label1\" content=\"Tiempo de lectura\" \/>\n\t<meta name=\"twitter:data1\" content=\"2 minutos\" \/>\n<script type=\"application\/ld+json\" class=\"yoast-schema-graph\">{\"@context\":\"https:\\\/\\\/schema.org\",\"@graph\":[{\"@type\":\"WebPage\",\"@id\":\"https:\\\/\\\/acpacgom.upv.edu.es\\\/?page_id=2574\",\"url\":\"https:\\\/\\\/acpacgom.upv.edu.es\\\/?page_id=2574\",\"name\":\"About - Fauna en Riesgo - Portavoces que promueven el cambio\",\"isPartOf\":{\"@id\":\"https:\\\/\\\/acpacgom.upv.edu.es\\\/#website\"},\"primaryImageOfPage\":{\"@id\":\"https:\\\/\\\/acpacgom.upv.edu.es\\\/?page_id=2574#primaryimage\"},\"image\":{\"@id\":\"https:\\\/\\\/acpacgom.upv.edu.es\\\/?page_id=2574#primaryimage\"},\"thumbnailUrl\":\"https:\\\/\\\/acpacgom.upv.edu.es\\\/wp-content\\\/uploads\\\/2024\\\/12\\\/WhatsApp-Image-2024-11-27-at-22.44.18.jpeg\",\"datePublished\":\"2024-11-21T15:54:53+00:00\",\"dateModified\":\"2024-12-15T00:06:55+00:00\",\"description\":\"L\u00edderes voluntarios en el cuidado de fauna en Espa\u00f1a. Somos un equipo de voluntarios dedicado a proteger la fauna espa\u00f1ola en peligro cr\u00edtico. Promovemos la educaci\u00f3n ambiental, la conservaci\u00f3n y el voluntariado para enfrentar la p\u00e9rdida de h\u00e1bitats en el pa\u00eds. \u00danete a nuestra misi\u00f3n y s\u00e9 parte del cambio.\",\"breadcrumb\":{\"@id\":\"https:\\\/\\\/acpacgom.upv.edu.es\\\/?page_id=2574#breadcrumb\"},\"inLanguage\":\"es\",\"potentialAction\":[{\"@type\":\"ReadAction\",\"target\":[\"https:\\\/\\\/acpacgom.upv.edu.es\\\/?page_id=2574\"]}]},{\"@type\":\"ImageObject\",\"inLanguage\":\"es\",\"@id\":\"https:\\\/\\\/acpacgom.upv.edu.es\\\/?page_id=2574#primaryimage\",\"url\":\"https:\\\/\\\/acpacgom.upv.edu.es\\\/wp-content\\\/uploads\\\/2024\\\/12\\\/WhatsApp-Image-2024-11-27-at-22.44.18.jpeg\",\"contentUrl\":\"https:\\\/\\\/acpacgom.upv.edu.es\\\/wp-content\\\/uploads\\\/2024\\\/12\\\/WhatsApp-Image-2024-11-27-at-22.44.18.jpeg\",\"width\":1101,\"height\":1011,\"caption\":\"Andrea Pach\u00f3n Gomez\"},{\"@type\":\"BreadcrumbList\",\"@id\":\"https:\\\/\\\/acpacgom.upv.edu.es\\\/?page_id=2574#breadcrumb\",\"itemListElement\":[{\"@type\":\"ListItem\",\"position\":1,\"name\":\"Portada\",\"item\":\"https:\\\/\\\/acpacgom.upv.edu.es\\\/\"},{\"@type\":\"ListItem\",\"position\":2,\"name\":\"About\"}]},{\"@type\":\"WebSite\",\"@id\":\"https:\\\/\\\/acpacgom.upv.edu.es\\\/#website\",\"url\":\"https:\\\/\\\/acpacgom.upv.edu.es\\\/\",\"name\":\"Fauna en Riesgo\",\"description\":\"Especie en peligro de extinci\u00f3n en Espa\u00f1a\",\"publisher\":{\"@id\":\"https:\\\/\\\/acpacgom.upv.edu.es\\\/#organization\"},\"potentialAction\":[{\"@type\":\"SearchAction\",\"target\":{\"@type\":\"EntryPoint\",\"urlTemplate\":\"https:\\\/\\\/acpacgom.upv.edu.es\\\/?s={search_term_string}\"},\"query-input\":{\"@type\":\"PropertyValueSpecification\",\"valueRequired\":true,\"valueName\":\"search_term_string\"}}],\"inLanguage\":\"es\"},{\"@type\":\"Organization\",\"@id\":\"https:\\\/\\\/acpacgom.upv.edu.es\\\/#organization\",\"name\":\"Fauna en Riesgo\",\"url\":\"https:\\\/\\\/acpacgom.upv.edu.es\\\/\",\"logo\":{\"@type\":\"ImageObject\",\"inLanguage\":\"es\",\"@id\":\"https:\\\/\\\/acpacgom.upv.edu.es\\\/#\\\/schema\\\/logo\\\/image\\\/\",\"url\":\"https:\\\/\\\/acpacgom.upv.edu.es\\\/wp-content\\\/uploads\\\/2024\\\/11\\\/Logo2-02-1.png\",\"contentUrl\":\"https:\\\/\\\/acpacgom.upv.edu.es\\\/wp-content\\\/uploads\\\/2024\\\/11\\\/Logo2-02-1.png\",\"width\":701,\"height\":418,\"caption\":\"Fauna en Riesgo\"},\"image\":{\"@id\":\"https:\\\/\\\/acpacgom.upv.edu.es\\\/#\\\/schema\\\/logo\\\/image\\\/\"}}]}<\/script>\n<!-- \/ Yoast SEO plugin. -->","yoast_head_json":{"title":"About - Fauna en Riesgo - Portavoces que promueven el cambio","description":"L\u00edderes voluntarios en el cuidado de fauna en Espa\u00f1a. Somos un equipo de voluntarios dedicado a proteger la fauna espa\u00f1ola en peligro cr\u00edtico. Promovemos la educaci\u00f3n ambiental, la conservaci\u00f3n y el voluntariado para enfrentar la p\u00e9rdida de h\u00e1bitats en el pa\u00eds. \u00danete a nuestra misi\u00f3n y s\u00e9 parte del cambio.","robots":{"index":"index","follow":"follow","max-snippet":"max-snippet:-1","max-image-preview":"max-image-preview:large","max-video-preview":"max-video-preview:-1"},"canonical":"https:\/\/acpacgom.upv.edu.es\/?page_id=2574","og_locale":"es_ES","og_type":"article","og_title":"About - Fauna en Riesgo - Portavoces que promueven el cambio","og_description":"L\u00edderes voluntarios en el cuidado de fauna en Espa\u00f1a. Somos un equipo de voluntarios dedicado a proteger la fauna espa\u00f1ola en peligro cr\u00edtico. Promovemos la educaci\u00f3n ambiental, la conservaci\u00f3n y el voluntariado para enfrentar la p\u00e9rdida de h\u00e1bitats en el pa\u00eds. \u00danete a nuestra misi\u00f3n y s\u00e9 parte del cambio.","og_url":"https:\/\/acpacgom.upv.edu.es\/?page_id=2574","og_site_name":"Fauna en Riesgo","article_modified_time":"2024-12-15T00:06:55+00:00","og_image":[{"url":"https:\/\/acpacgom.upv.edu.es\/wp-content\/uploads\/2024\/12\/WhatsApp-Image-2024-11-27-at-22.44.18.jpeg","type":"","width":"","height":""}],"twitter_card":"summary_large_image","twitter_misc":{"Tiempo de lectura":"2 minutos"},"schema":{"@context":"https:\/\/schema.org","@graph":[{"@type":"WebPage","@id":"https:\/\/acpacgom.upv.edu.es\/?page_id=2574","url":"https:\/\/acpacgom.upv.edu.es\/?page_id=2574","name":"About - Fauna en Riesgo - Portavoces que promueven el cambio","isPartOf":{"@id":"https:\/\/acpacgom.upv.edu.es\/#website"},"primaryImageOfPage":{"@id":"https:\/\/acpacgom.upv.edu.es\/?page_id=2574#primaryimage"},"image":{"@id":"https:\/\/acpacgom.upv.edu.es\/?page_id=2574#primaryimage"},"thumbnailUrl":"https:\/\/acpacgom.upv.edu.es\/wp-content\/uploads\/2024\/12\/WhatsApp-Image-2024-11-27-at-22.44.18.jpeg","datePublished":"2024-11-21T15:54:53+00:00","dateModified":"2024-12-15T00:06:55+00:00","description":"L\u00edderes voluntarios en el cuidado de fauna en Espa\u00f1a. Somos un equipo de voluntarios dedicado a proteger la fauna espa\u00f1ola en peligro cr\u00edtico. Promovemos la educaci\u00f3n ambiental, la conservaci\u00f3n y el voluntariado para enfrentar la p\u00e9rdida de h\u00e1bitats en el pa\u00eds. \u00danete a nuestra misi\u00f3n y s\u00e9 parte del cambio.","breadcrumb":{"@id":"https:\/\/acpacgom.upv.edu.es\/?page_id=2574#breadcrumb"},"inLanguage":"es","potentialAction":[{"@type":"ReadAction","target":["https:\/\/acpacgom.upv.edu.es\/?page_id=2574"]}]},{"@type":"ImageObject","inLanguage":"es","@id":"https:\/\/acpacgom.upv.edu.es\/?page_id=2574#primaryimage","url":"https:\/\/acpacgom.upv.edu.es\/wp-content\/uploads\/2024\/12\/WhatsApp-Image-2024-11-27-at-22.44.18.jpeg","contentUrl":"https:\/\/acpacgom.upv.edu.es\/wp-content\/uploads\/2024\/12\/WhatsApp-Image-2024-11-27-at-22.44.18.jpeg","width":1101,"height":1011,"caption":"Andrea Pach\u00f3n Gomez"},{"@type":"BreadcrumbList","@id":"https:\/\/acpacgom.upv.edu.es\/?page_id=2574#breadcrumb","itemListElement":[{"@type":"ListItem","position":1,"name":"Portada","item":"https:\/\/acpacgom.upv.edu.es\/"},{"@type":"ListItem","position":2,"name":"About"}]},{"@type":"WebSite","@id":"https:\/\/acpacgom.upv.edu.es\/#website","url":"https:\/\/acpacgom.upv.edu.es\/","name":"Fauna en Riesgo","description":"Especie en peligro de extinci\u00f3n en Espa\u00f1a","publisher":{"@id":"https:\/\/acpacgom.upv.edu.es\/#organization"},"potentialAction":[{"@type":"SearchAction","target":{"@type":"EntryPoint","urlTemplate":"https:\/\/acpacgom.upv.edu.es\/?s={search_term_string}"},"query-input":{"@type":"PropertyValueSpecification","valueRequired":true,"valueName":"search_term_string"}}],"inLanguage":"es"},{"@type":"Organization","@id":"https:\/\/acpacgom.upv.edu.es\/#organization","name":"Fauna en Riesgo","url":"https:\/\/acpacgom.upv.edu.es\/","logo":{"@type":"ImageObject","inLanguage":"es","@id":"https:\/\/acpacgom.upv.edu.es\/#\/schema\/logo\/image\/","url":"https:\/\/acpacgom.upv.edu.es\/wp-content\/uploads\/2024\/11\/Logo2-02-1.png","contentUrl":"https:\/\/acpacgom.upv.edu.es\/wp-content\/uploads\/2024\/11\/Logo2-02-1.png","width":701,"height":418,"caption":"Fauna en Riesgo"},"image":{"@id":"https:\/\/acpacgom.upv.edu.es\/#\/schema\/logo\/image\/"}}]}},"uagb_featured_image_src":{"full":false,"thumbnail":false,"medium":false,"medium_large":false,"large":false,"1536x1536":false,"2048x2048":false},"uagb_author_info":{"display_name":"Profe Cristina","author_link":"https:\/\/acpacgom.upv.edu.es\/?author=4"},"uagb_comment_info":0,"uagb_excerpt":"Sobre Nosotros En Espa\u00f1a, compartimos nuestro hogar con una biodiversidad \u00fanica que est\u00e1 en peligro de desaparecer. Por eso, hemos creado este espacio dedicado a las 12 especies m\u00e1s amenazadas de nuestro pa\u00eds. Somos un equipo comprometido con la preservaci\u00f3n de la naturaleza, profundamente preocupado por el impacto de la actividad humana en estos animales&hellip;","_links":{"self":[{"href":"https:\/\/acpacgom.upv.edu.es\/index.php?rest_route=\/wp\/v2\/pages\/2574","targetHints":{"allow":["GET"]}}],"collection":[{"href":"https:\/\/acpacgom.upv.edu.es\/index.php?rest_route=\/wp\/v2\/pages"}],"about":[{"href":"https:\/\/acpacgom.upv.edu.es\/index.php?rest_route=\/wp\/v2\/types\/page"}],"author":[{"embeddable":true,"href":"https:\/\/acpacgom.upv.edu.es\/index.php?rest_route=\/wp\/v2\/users\/4"}],"replies":[{"embeddable":true,"href":"https:\/\/acpacgom.upv.edu.es\/index.php?rest_route=%2Fwp%2Fv2%2Fcomments&post=2574"}],"version-history":[{"count":53,"href":"https:\/\/acpacgom.upv.edu.es\/index.php?rest_route=\/wp\/v2\/pages\/2574\/revisions"}],"predecessor-version":[{"id":3143,"href":"https:\/\/acpacgom.upv.edu.es\/index.php?rest_route=\/wp\/v2\/pages\/2574\/revisions\/3143"}],"wp:attachment":[{"href":"https:\/\/acpacgom.upv.edu.es\/index.php?rest_route=%2Fwp%2Fv2%2Fmedia&parent=2574"}],"curies":[{"name":"wp","href":"https:\/\/api.w.org\/{rel}","templated":true}]}}